26. Let i = w + p. What is the remainder when i is divided by 6?
4
Suppose 4*d = 3*d. Let l(a) = 22*a**2 + a - 1. Let i be l(1). Suppose 3*f + 0*j - 2*j - 44 = d, -3*j = f - i. Calculate the remainder when f is divided by 9.
7
Suppose 0 = -71*p + 76*p - 485. Calculate the remainder when p is divided by 34.
29
Suppose -3*g + 29 = -5*i, -g + 2*i + 16 - 6 = 0. Calculate the remainder when 45 is divided by g.
5
Suppose -10*c + 143 = -187. Let v(n) = -19*n**3 + 2*n + 1. Calculate the remainder when c is divided by v(-1).
15
Let r(c) = 13 - 2*c - 24 + 12. Calculate the remainder when r(-8) is divided by 5.
2
Suppose -52 = -2*v + 2*g, 3*g + 2*g - 86 = -3*v. Calculate the remainder when v is divided by 10.
7
Let y be ((-2)/(-4))/(3/18). Let p be 2/(y - 75/27). Let a = -6 + p. What is the remainder when a is divided by 1?
0
Suppose -5*q = -q - 28. Calculate the remainder when 26 is divided by q.
5
Let v(m) be the third derivative of -m**4/6 - 7*m**3/6 + m**2. Let c be 1*3*(-48)/18. What is the remainder when v(c) is divided by 13?
12
Let q be (-8)/12*15/(-2). Suppose -3*r - 4 = 2, 4*x - 142 = -q*r. Calculate the remainder when x is divided by 13.
12
Suppose -3*a = -4*a + 3. What is the remainder when 5 is divided by a?
2
Suppose -2*y = -2 - 2. Let a(d) = d**3 + 4*d**y + d**2 + 4 - 3*d - d**2. What is the remainder when 47 is divided by a(-4)?
15
Let s(x) = -x + 5. Let y be s(11). Let g = y + 20. Calculate the remainder when g is divided by 8.
6
Let q(h) be the first derivative of 2*h**3 + 3*h**2/2 + 6*h + 1. Let i be q(-4). Suppose -3*d + i = -0*d. What is the remainder when d is divided by 16?
14
Suppose -u - u = f + 10, u + 5 = 0. Let l(q) = -q - 37. Let r be l(f). Let j = 52 + r. What is the remainder when 43 is divided by j?
13
Let u(v) be the third derivative of 0*v + v**2 + 1/12*v**5 + 0 + 0*v**3 - 1/24*v**4 + 1/120*v**6. What is the remainder when 8 is divided by u(-5)?
3
Let z = 13 + -9. Suppose z*g = -2*w, -2*w = -0*w + 8. What is the remainder when g is divided by 1?
0
Suppose 0 = -d + 159 - 6. Calculate the remainder when d is divided by 31.
29
Suppose -s = -2*f + 9, 5*f - s - 12 = -2*s. Suppose 0*k + 33 = f*k. What is the remainder when 21 is divided by k?
10
Let u(h) = -h**2 - 7*h - 7. Let y be u(-5). Suppose -y*w = 4*n - 234, 4*n = -w - 3*w + 308. What is the remainder when w/6 - (-2)/3 is divided by 7?
6
Let j = -73 + 76. What is the remainder when 31 is divided by j?
1
Suppose n - 12 = -2*q - 3*q, 2*n + 4 = 4*q. What is the remainder when 4 is divided by q?
0
Calculate the remainder when (3 - -12) + 3 + 7 + -11 is divided by 6.
2
Let v be 2/6 + (-4)/(-6). Let c(i) = 4*i + 4. Calculate the remainder when c(6) is divided by ((14 + v)*1)/1.
13
What is the remainder when 6/9 + (-50)/(-6) is divided by 9 + -6 - (-4)/2?
4
Suppose -5*j + 284 = 49. Let l = 88 + -76. Calculate the remainder when j is divided by l.
11
Let v(y) = y - 4. Let t be v(6). Let w be 0 + 0 + -2 + t. Let m = w - -23. What is the remainder when m is divided by 8?
7
What is the remainder when 648/30 + (-2)/(-5) is divided by 9?
4
Suppose 5 = 2*c - 21. Let n = c + -10. Calculate the remainder when n is divided by 2.
1
Let r = 81 + -65. Let n = -2 + 8. What is the remainder when r is divided by n?
4
Let i(v) = -4*v - 24. Suppose -4*b - 56 = -4*s - 3*b, -2*s - b + 34 = 0. What is the remainder when s is divided by i(-8)?
7
Let y be 8/36 + 43/9. Suppose -5*u - 23 = 4*z - 5*z, -y*z - 4*u = 30. What is the remainder when 56 is divided by ((-3)/(-9))/(z/(-114))?
18
Suppose -2*i - 2*k = -0*k - 16, -5*k = 0. Calculate the remainder when (-192)/(-14) - 4/(-14) is divided by i.
6
Calculate the remainder when 52 is divided by 219/21 - (-16)/28.
8
Let x = -1 + 6. Let v(h) = -h**3 + 4*h**2 + 3*h + 4. Let g be v(x). Calculate the remainder when 17 is divided by (g/5)/((-8)/60).
8
Let s(l) = 7*l**2 - l - 4. Let q be s(3). Suppose w - 2*w = -4*p + 4, 4*w - q = -2*p. Calculate the remainder when 22 is divided by w.
10
Let n = 0 + 16. What is the remainder when n is divided by (-1)/3*-1*27?
7
Suppose -5*y = 2*k + 16, 0 = -0*y - 2*y + 4*k - 16. Let w(p) = p**3 + 6*p**2 + 5*p + 2. What is the remainder when 40 is divided by w(y)?
12
Let j be -4*(2/4 - 1). Suppose 5*r + 3*s - 215 = -j*s, 2*s = r - 28. What is the remainder when r is divided by 13?
12
Let a be 4/(-2) + -6 + 25. Let q = a - 8. Calculate the remainder when 47 is divided by 16/(-3)*q/(-3).
15
Let c be 2*(2 + 6/(-4)). Let j be c - (-2 - -2)/(-3). Suppose -2*l - l = -2*p - j, l - 3*p = -9. What is the remainder when 5 is divided by l?
2
Let s(i) = 3*i + 3 - 1 - 4*i. Let l be s(0). Suppose 7*a - l*a - 25 = 0. Calculate the remainder when 13 is divided by a.
3
Let b(u) = u**2 + 2*u + 7. What is the remainder when 49 is divided by b(-3)?
9
Let k(o) = -o**3 + 4*o**2 - 2*o + 1. Let i be k(3). Let b = 0 + i. What is the remainder when 9 is divided by b?
1
Let n be ((-8)/(-12))/(2/6). Suppose -2*s + n*d = -28, s - 3*d = -3*s + 56. Calculate the remainder when 27 is divided by s.
13
Suppose -4*m = -0*m - 16. Let j = m - -4. Let c(q) = -q**2 + 12*q - 9. What is the remainder when c(8) is divided by j?
7
Let k be 2*(0 + 15/6). Suppose 12 = -k*n + n. What is the remainder when 32 - 1/(n/(-6)) is divided by 16?
14
Let y = 91 + -80. Calculate the remainder when 25 is divided by y.
3
Suppose -6*r + 4 = -2*r. What is the remainder when r is divided by 1?
0
Suppose 0 = 10*k - 6*k - 76. What is the remainder when k is divided by 12?
7
Let n be 16/(-6)*(-4 + 1). Suppose -q + 0*q + n = 5*j, -j = -4*q + 53. Let a = -97 + 147. What is the remainder when a is divided by q?
11
Let w(c) = -c - 10. Let l be w(0). Let u = 1 + 12. What is the remainder when u is divided by (-72)/l + (-1)/5?
6
Suppose -13 = -h + 3. Let t = -68 - -77. What is the remainder when h is divided by t?
7
Let k be (4 + (-4 - -2))/1. Suppose -5*r = -4*i - 17, -k*i - 10 = -4*r - 0*r. Calculate the remainder when r is divided by 1.
0
Let r(s) be the third derivative of 0*s**3 + 1/12*s**4 + 0*s - s**2 + 0. Calculate the remainder when 35 is divided by r(6).
11
Suppose w = -157 + 57. Calculate the remainder when 27 is divided by 6*(w/(-12))/5.
7
Suppose -2*f = -4*f + 10. Suppose 0 = -4*i - 5 + 101. Suppose f*v - 31 = i. What is the remainder when 31 is divided by v?
9
Let c = 24 - 16. Let u(o) = -o**3 - 7*o**2 + o + 7. Let r be u(-7). Suppose -3*t + 19 - 7 = -n, -t - n = r. Calculate the remainder when c is divided by t.
2
Suppose -2*v + 10 + 12 = 0. Calculate the remainder when v is divided by -1 + 1/(1/7).
5
Suppose -3*g + 8*g = 15. Calculate the remainder when g is divided by 1.
0
Let m be (9/6)/(3/44). Suppose -3 = -w + m. What is the remainder when 73 is divided by w?
23
Suppose 5*h - 54 = -3*t, h + t - 4 = -3*t. What is the remainder when 27 is divided by h?
3
Suppose 0*i + 2*i - 338 = 0. Suppose -3*g - 34 = -i. What is the remainder when g is divided by 23?
22
Let x = 23 - -13. Suppose 0 = 2*d - 4*c - x, -5*d - 5*c = -4*c - 57. Suppose -4*n + 140 = 3*m - 0*m, -4*m = 0. Calculate the remainder when n is divided by d.
11
Let a(d) = -4*d**3 - 4*d**2 - 2*d - 3. Calculate the remainder when a(-3) is divided by 20.
15
Suppose 51 = -3*h + 192. Let v = -32 + h. What is the remainder when 28 is divided by v?
13
Suppose c = -5*j + 12, -5 + 1 = j - 3*c. Let h be 0 + 0 + 50/2. Let r = h + -23. What is the remainder when r is divided by j?
0
Let c be -1 - (288/(-1))/3. Let o = c + -66. Let a = o - 2. Calculate the remainder when a is divided by 14.
13
Suppose l + 3*u - 87 = 4*l, 5*u = -4*l - 80. Calculate the remainder when (2 + 0)*34/4 is divided by (-10)/4*60/l.
5
Let c(a) be the first derivative of a**2/2 + 7*a - 2. Suppose 3*x + 4*s = -5, 5*x = -2*s - 7 + 22. What is the remainder when c(6) is divided by x?
3
Suppose 637 = 5*j - 4*x, x + 5 - 2 = 0. What is the remainder when j is divided by 26?
21
Let o = -37 - -65. What is the remainder when 109 is divided by o?
25
Let f = 1 + 10. Suppose 2*l = l + f. What is the remainder when 40 is divided by l?
7
Let c = 0 - -2. What is the remainder when (-54)/(-8) - (-7)/((-112)/(-4)) is divided by c?
1
Let w(f) = 2*f**2 - 9*f - 12. Let g be w(-8). Suppose 11*m = 13*m - g. What is the remainder when m is divided by 24?
22
Let n(a) = 7*a - 18. What i